 and 24?
24
What is the highest common factor of 80 and 2080?
80
What is the highest common divisor of 639 and 71?
71
What is the greatest common divisor of 338 and 39?
13
Calculate the highest common factor of 14630 and 570.
190
Calculate the highest common factor of 6206 and 638.
58
What is the highest common divisor of 490 and 20?
10
What is the greatest common factor of 60 and 540?
60
Calculate the highest common factor of 6 and 21.
3
What is the greatest common factor of 25 and 34325?
25
Calculate the greatest common factor of 496 and 64.
16
What is the highest common divisor of 375 and 135?
15
Calculate the greatest common factor of 380 and 76.
76
What is the highest common divisor of 978 and 18?
6
Calculate the highest common divisor of 250 and 50.
50
What is the greatest common factor of 85 and 40?
5
Calculate the highest common factor of 265 and 55.
5
What is the highest common divisor of 129 and 39?
3
Calculate the greatest common factor of 54 and 234.
18
Calculate the highest common factor of 94 and 68338.
94
What is the highest common factor of 111 and 48?
3
Calculate the highest common factor of 780 and 6396.
156
Calculate the highest common divisor of 181 and 67513.
181
Calculate the highest common divisor of 1717 and 202.
101
Calculate the highest common divisor of 560 and 320.
80
What is the highest common divisor of 60 and 808?
4
What is the highest common factor of 18 and 24?
6
Calculate the highest common divisor of 21 and 12.
3
Calculate the highest common factor of 18 and 13758.
6
Calculate the greatest common factor of 18 and 954.
18
Calculate the highest common divisor of 9158 and 38.
38
What is the highest common factor of 17238 and 306?
102
Calculate the greatest common divisor of 184 and 644.
92
Calculate the greatest common divisor of 69 and 2139.
69
What is the highest common factor of 323 and 437?
19
Calculate the highest common divisor of 33 and 957.
33
Calculate the highest common divisor of 518 and 296.
74
Calculate the greatest common factor of 213 and 781.
71
Calculate the greatest common factor of 143 and 3289.
143
Calculate the greatest common divisor of 1904 and 14.
14
Calculate the highest common divisor of 5890 and 418.
38
What is the highest common divisor of 4 and 8?
4
Calculate the greatest common factor of 196 and 152.
4
Calculate the highest common factor of 60071 and 127.
127
What is the greatest common factor of 248 and 8804?
124
Calculate the greatest common divisor of 3059 and 19.
19
What is the greatest common factor of 31 and 13?
1
What is the greatest common factor of 10 and 985?
5
Calculate the highest common factor of 107892 and 324.
324
Calculate the highest common divisor of 4 and 452.
4
What is the highest common factor of 932 and 5825?
233
Calculate the greatest common factor of 36 and 972.
36
Calculate the highest common divisor of 3032 and 8.
8
What is the greatest common factor of 216 and 16?
8
What is the highest common divisor of 9 and 6507?
9
What is the highest common factor of 1529 and 4309?
139
Calculate the greatest common factor of 300 and 60.
60
What is the greatest common factor of 25 and 7255?
5
What is the highest common factor of 4484 and 133?
19
Calculate the highest common factor of 40 and 64.
8
Calculate the highest common divisor of 7635 and 75.
15
What is the greatest common divisor of 205 and 35?
5
What is the greatest common divisor of 152 and 128?
8
Calculate the greatest common factor of 16 and 3664.
16
What is the highest common divisor of 524 and 11135?
131
What is the highest common divisor of 115 and 92?
23
What is the highest common factor of 150 and 50?
50
Calculate the greatest common divisor of 1254 and 2451.
57
What is the greatest common factor of 15 and 435?
15
What is the greatest common divisor of 1614 and 96?
6
Calculate the highest common divisor of 2245 and 20.
5
What is the greatest common factor of 69 and 115?
23
What is the highest common divisor of 507 and 13?
13
Calculate the highest common factor of 255 and 15.
15
Calculate the greatest common factor of 28 and 770.
14
What is the greatest common factor of 9723 and 3?
3
What is the greatest common factor of 27 and 108?
27
What is the highest common divisor of 4086 and 18?
18
Calculate the greatest common divisor of 1932 and 168.
84
Calculate the greatest common divisor of 5549 and 358.
179
What is the greatest common factor of 1 and 2879?
1
What is the greatest common factor of 312 and 143?
13
Calculate the greatest common factor of 8 and 344.
8
What is the highest common divisor of 387 and 27?
9
What is the highest common factor of 572 and 132?
44
Calculate the greatest common divisor of 392 and 210.
14
Calculate the highest common factor of 22 and 2200.
22
What is the greatest common factor of 490 and 20?
10
Calculate the greatest common divisor of 4131 and 119.
17
Calculate the highest common divisor of 400 and 16.
16
What is the highest common factor of 20 and 65?
5
Calculate the highest common divisor of 7095 and 2640.
165
What is the highest common factor of 10249 and 2216?
277
What is the greatest common divisor of 18 and 207?
9
What is the greatest common divisor of 84 and 16?
4
Calculate the greatest common factor of 141 and 235.
47
What is the greatest common factor of 2 and 8?
2
What is the greatest common factor of 180 and 800?
20
Calculate the highest common factor of 882 and 3038.
98
What is the highest common factor of 4589 and 39?
13
Calculate the highest common factor of 1917 and 71.
71
What is the greatest common factor of 576 and 9?
9
Calculate the greatest common factor of 2496 and 117.
39
What is the highest common factor of 670 and 3886?
134
What is the greatest common divisor of 228 and 2793?
57
Calculate the highest common divisor of 1595 and 660.
55
What is the greatest common factor of 525 and 4480?
35
Calculate the greatest common divisor of 77 and 55.
11
What is the highest common factor of 164 and 1517?
41
Calculate the greatest common factor of 96 and 1992.
24
What is the greatest common factor of 448 and 2408?
56
What is the greatest common factor of 17102 and 34?
34
What is the highest common factor of 20 and 32?
4
Calculate the greatest common factor of 892 and 52.
4
What is the greatest common factor of 121 and 187?
11
Calculate the greatest common factor of 5796 and 1764.
252
Calculate the highest common divisor of 12 and 1788.
12
What is the highest common divisor of 22927 and 202?
101
Calculate the greatest common factor of 256 and 32.
32
Calculate the greatest common factor of 16 and 6.
2
Calculate the highest common divisor of 183 and 122.
61
Calculate the greatest common divisor of 1612 and 260.
52
What is the greatest common divisor of 315 and 700?
35
Calculate the greatest common divisor of 15 and 1395.
15
Calculate the highest common divisor of 167 and 1.
1
What is the greatest common factor of 59 and 1003?
59
What is the greatest common factor of 36 and 4716?
36
What is the greatest common divisor of 19 and 475?
19
What is the highest common divisor of 25 and 3125?
25
What is the greatest common factor of 6300 and 2205?
315
Calculate the highest common divisor of 42 and 399.
21
Calculate the highest common divisor of 13 and 871.
13
What is the highest common divisor of 42 and 231?
21
What is the highest common factor of 75 and 10?
5
What is the highest common divisor of 3460 and 10?
10
Calculate the highest common factor of 1056 and 33.
33
What is the greatest common factor of 10 and 160?
10
What is the highest common factor of 14286 and 6?
6
What is the greatest common divisor of 688 and 368?
16
Calculate the greatest common divisor of 2508 and 156.
12
Calculate the highest common factor of 28188 and 116.
116
Calculate the highest common factor of 82 and 656.
82
What is the greatest common divisor of 45 and 108?
9
Calculate the highest common divisor of 92 and 52.
4
What is the greatest common factor of 9116 and 172?
172
What is the greatest common divisor of 7312 and 16?
16
Calculate the highest common divisor of 88 and 429.
11
What is the greatest common factor of 16230 and 15?
15
Calculate the greatest common divisor of 518 and 14.
14
Calculate the greatest common factor of 8 and 10888.
8
Calculate the greatest common divisor of 585 and 423